{"id":5579,"date":"2022-07-18T20:50:53","date_gmt":"2022-07-18T20:50:53","guid":{"rendered":"http:\/\/localhost:8092\/web\/?page_id=5579"},"modified":"2024-08-13T17:30:06","modified_gmt":"2024-08-13T20:30:06","slug":"la-rueda-mensual","status":"publish","type":"page","link":"https:\/\/www.cochilco.cl\/web\/la-rueda-mensual\/","title":{"rendered":"La Rueda Mensual"},"content":{"rendered":"<div class=\"row\"  id=\"row-967491038\">\n\n\t<div id=\"col-1444510256\" class=\"col medium-3 small-12 large-3 col-divided\"  >\n\t\t\t\t<div class=\"col-inner\"  >\n\t\t\t\n\t\t\t\n\n<div id='iksm-10190' class='iksm iksm-10190 iksm-container '  data-id='10190' data-is-pro='1' data-source='menu'><div class='iksm-terms'><div class='iksm-terms-tree iksm-terms-tree--level-1 iksm-terms-tree--parents' style=''><div class=\"iksm-terms-tree__inner\">\n        <div class=\"iksm-term iksm-term--id-10182 iksm-term--parent\" data-id=\"10182\">\n            <div class=\"iksm-term__inner\" tabindex='0'>\n                <a class=\"iksm-term__link\" href='https:\/\/www.cochilco.cl\/web\/la-rueda-diaria\/' target='_self' tabindex='-1'>\n\t\t\t\t        <span class=\"iksm-term__text\">La Rueda Diaria<\/span>\n\t\t            <\/a>\n\t\t\t        <\/div>\n\t\t        <\/div>\n\n\t\t\n        <div class=\"iksm-term iksm-term--id-10183 iksm-term--parent\" data-id=\"10183\">\n            <div class=\"iksm-term__inner\" tabindex='0'>\n                <a class=\"iksm-term__link\" href='https:\/\/www.cochilco.cl\/web\/la-rueda-mensual\/' target='_self' tabindex='-1'>\n\t\t\t\t        <span class=\"iksm-term__text\">Resumen Precios Diarios B.M.L<\/span>\n\t\t            <\/a>\n\t\t\t        <\/div>\n\t\t        <\/div>\n\n\t\t\n        <div class=\"iksm-term iksm-term--id-10184 iksm-term--parent\" data-id=\"10184\">\n            <div class=\"iksm-term__inner\" tabindex='0'>\n                <a class=\"iksm-term__link\" href='https:\/\/www.cochilco.cl\/web\/boletin-mensual-electronico\/' target='_self' tabindex='-1'>\n\t\t\t\t        <span class=\"iksm-term__text\">Bolet\u00edn Mensual Electr\u00f3nico<\/span>\n\t\t            <\/a>\n\t\t\t        <\/div>\n\t\t        <\/div>\n\n\t\t\n        <div class=\"iksm-term iksm-term--id-10185 iksm-term--parent\" data-id=\"10185\">\n            <div class=\"iksm-term__inner\" tabindex='0'>\n                <a class=\"iksm-term__link\" href='https:\/\/www.cochilco.cl:4040\/boletin-web\/pages\/index\/index.jsf' target='_blank' tabindex='-1'>\n\t\t\t\t        <span class=\"iksm-term__text\">Base de Datos Electr\u00f3nica (BDE)<\/span>\n\t\t            <\/a>\n\t\t\t        <\/div>\n\t\t        <\/div>\n\n\t\t\n        <div class=\"iksm-term iksm-term--id-10186 iksm-term--parent\" data-id=\"10186\">\n            <div class=\"iksm-term__inner\" tabindex='0'>\n                <a class=\"iksm-term__link\" href='https:\/\/www.cochilco.cl\/web\/anuario-de-estadisticas-del-cobre-y-otros-minerales\/' target='_self' tabindex='-1'>\n\t\t\t\t        <span class=\"iksm-term__text\">Anuario de Estad\u00edsticas del Cobre y Otros Minerales<\/span>\n\t\t            <\/a>\n\t\t\t        <\/div>\n\t\t        <\/div>\n\n\t\t\n        <div class=\"iksm-term iksm-term--id-10187 iksm-term--parent\" data-id=\"10187\">\n            <div class=\"iksm-term__inner\" tabindex='0'>\n                <a class=\"iksm-term__link\" href='https:\/\/www.cochilco.cl\/web\/estadisticas-mineria\/' target='_self' tabindex='-1'>\n\t\t\t\t        <span class=\"iksm-term__text\">Estad\u00edsticas de la Miner\u00eda no Met\u00e1lica<\/span>\n\t\t            <\/a>\n\t\t\t        <\/div>\n\t\t        <\/div>\n\n\t\t\n        <div class=\"iksm-term iksm-term--id-10188 iksm-term--parent\" data-id=\"10188\">\n            <div class=\"iksm-term__inner\" tabindex='0'>\n                <a class=\"iksm-term__link\" href='https:\/\/www.cochilco.cl\/web\/historico-precio-de-los-metales\/' target='_self' tabindex='-1'>\n\t\t\t\t        <span class=\"iksm-term__text\">Hist\u00f3rico Precio de los Metales\u200b\u200b\u200b<\/span>\n\t\t            <\/a>\n\t\t\t        <\/div>\n\t\t        <\/div>\n\n\t\t\n        <div class=\"iksm-term iksm-term--id-10189 iksm-term--parent\" data-id=\"10189\">\n            <div class=\"iksm-term__inner\" tabindex='0'>\n                <a class=\"iksm-term__link\" href='https:\/\/www.cochilco.cl\/web\/historico-inventarios-mundiales-de-cobre\/' target='_self' tabindex='-1'>\n\t\t\t\t        <span class=\"iksm-term__text\">Hist\u00f3rico Inventarios Mundiales de Cobre<\/span>\n\t\t            <\/a>\n\t\t\t        <\/div>\n\t\t        <\/div>\n\n\t\t\n        <div class=\"iksm-term iksm-term--id-12676 iksm-term--parent\" data-id=\"12676\">\n            <div class=\"iksm-term__inner\" tabindex='0'>\n                <a class=\"iksm-term__link\" href='https:\/\/www.cochilco.cl\/web\/historico-produccion-de-cobre-y-molibdeno\/' target='_self' tabindex='-1'>\n\t\t\t\t        <span class=\"iksm-term__text\">Hist\u00f3rico Producci\u00f3n de Cobre y Molibdeno<\/span>\n\t\t            <\/a>\n\t\t\t        <\/div>\n\t\t        <\/div>\n\n\t\t<\/div><\/div><\/div><div id=\"iksm_data_args\" class=\"data-args\"  data-collapse_children_terms='' data-collapse_other_terms='' data-collapse_animation_duration='400' data-expand_animation_duration='400' data-toggle_by_item_click=''><\/div><\/div><script id=\"styles-copier-69d6ce1f040ae\">\n\t\t\t\/\/ Finding styles element\n\t        var element = document.getElementById(\"iksm-dynamic-style\");\n\t        if (!element) { \/\/ If no element (Cache plugins can remove tag), then creating a new one\n                element = document.createElement('style');\n                var head = document.getElementsByTagName(\"head\")\n                if (head && head[0]) {\n                \thead[0].appendChild(element);\n                } else {\n                  \tconsole.warn(\"Iks Menu | Error while printing styles. Please contact technical support.\");\n                }\n\t        }\n\t\t\t\/\/ Copying styles to <styles> tag\n\t        element.innerHTML += \".iksm-10190 .iksm-terms{transition:all 400ms;animation:iks-fade-in 1000ms;}.iksm-10190 .iksm-terms-tree--level-1 > * > .iksm-term:not(:last-child){margin-bottom:0;}.iksm-10190 .iksm-terms-tree--children > .iksm-terms-tree__inner{animation:iks-zoom-in 400ms;}.iksm-10190 .iksm-term__inner{background-color:rgba(255,255,255,1);min-height:44px;transition:all 400ms;}.iksm-10190 .iksm-term__inner:hover{background-color:rgba(236,236,236,1);}.iksm-10190 .iksm-term--current > .iksm-term__inner{background-color:rgba(212,212,212,1);}.iksm-10190 .iksm-term__link{color:rgba(0,0,0,1);font-size:15px;line-height:15px;font-weight:400;text-decoration:none;padding-top:5px;padding-right:15px;padding-bottom:5px;padding-left:15px;transition:all 400ms;}.iksm-10190 .iksm-term__inner:hover .iksm-term__link{color:rgba(50,50,50,1);}.iksm-10190 .iksm-term__toggle__inner{transition:transform 400ms}.iksm-10190 .iksm-term--expanded > .iksm-term__inner > .iksm-term__toggle > .iksm-term__toggle__inner{transform:rotate(180deg);}.iksm-10190 .iksm-term__toggle{color:rgba(133,133,133,1);font-size:22px;align-self:stretch;height:unset;;width:40px;transition:all 400ms;}.iksm-10190 .iksm-term__toggle:hover{color:rgba(0,0,0,1);}.iksm-10190 .iksm-term__image-container{width:30px;min-width:30px;height:30px;min-height:30px;margin-right:15px;transition:all 400ms;}.iksm-10190 .iksm-term__image{background-size:contain;background-position:center;background-repeat:no-repeat;}.iksm-10190 .iksm-term__image-container:hover{background-size:contain;background-position:center;background-repeat:no-repeat;}.iksm-10190 .iksm-term__inner:hover .iksm-term__image-container{background-size:contain;background-position:center;background-repeat:no-repeat;}.iksm-10190 .iksm-term__inner:focus .iksm-term__image-container{background-size:contain;background-position:center;background-repeat:no-repeat;}.iksm-10190 .iksm-term--current > .iksm-term__inner .iksm-term__image-container{background-size:contain;background-position:center;background-repeat:no-repeat;}.iksm-10190 .iksm-term--child .iksm-term__inner .iksm-term__image-container{background-size:contain;background-position:center;background-repeat:no-repeat;}.iksm-10190 .iksm-term--child .iksm-term__inner .iksm-term__image-container:hover{background-size:contain;background-position:center;background-repeat:no-repeat;}.iksm-10190 .iksm-term--child .iksm-term__inner .iksm-term__image-container:focus{background-size:contain;background-position:center;background-repeat:no-repeat;}.iksm-10190 .iksm-term--child.iksm-term--current > .iksm-term__inner .iksm-term__image-container{background-size:contain;background-position:center;background-repeat:no-repeat;}.iksm-10190  .iksm-term__text{flex: unset}.iksm-10190 .iksm-term__posts-count{color:rgba(133,133,133,1);font-size:16px;margin-left:10px;font-weight:400;transition:all 400ms;}.iksm-10190 .iksm-term--collapsing > .iksm-terms-tree--children > .iksm-terms-tree__inner{animation:iks-zoom-out 400ms;}\";\n\t        \/\/ Removing this script\n            var this_script = document.getElementById(\"styles-copier-69d6ce1f040ae\");\n            if (this_script) { \/\/ Cache plugins can remove tag\n\t            this_script.outerHTML = \"\";\n\t            if (this_script.parentNode) {\n\t                this_script.parentNode.removeChild(this_script);\n\t            }\n            }\n        <\/script>\n\n\t\t<\/div>\n\t\t\t\t\t<\/div>\n\n\t\n\n\t<div id=\"col-1429121756\" class=\"col medium-9 small-12 large-9 col-divided\"  >\n\t\t\t\t<div class=\"col-inner\"  >\n\t\t\t\n\t\t\t\n<div class=\"container section-title-container\" ><h3 class=\"section-title section-title-normal\"><b aria-hidden=\"true\"><\/b><span class=\"section-title-main\" >Resumen Precios Diarios B.M.L<\/span><b aria-hidden=\"true\"><\/b><\/h3><\/div>\n<p style=\"text-align: justify;\">Publicaci\u00f3n diaria que contiene informaci\u00f3n de precio spot, precios de futuros e inventarios de cobre en las Bolsas de Metales, (BML, Comex, Shangh\u00e1i), adem\u00e1s del precio del oro, plata y metales no ferrosos transados en la Bolsa de Metales de Londres.\u00a0<\/p>\n<script type=\"text\/x-handlebars-template\" id=\"wpfd-template-tree-box\">    {{#with file}}    <div class=\"dropblock\">        <a href=\"javascript:void(0)\" class=\"wpfd-close\"><\/a>        <div class=\"filecontent\">            <div class=\"ext ext-{{ext}} wpfd-icon-set-svg\"><span class=\"txt\">{{ext}}<\/span><\/div><h3><a href=\"{{linkdownload}}\"   class=\"wpfd_downloadlink\" title=\"{{post_title}}\" target=\"{{#if remote_file}}_blank{{\/if}}\"><span class=\"f_title\">{{{crop_title}}}<\/span>{{{new_marker_icon}}}<\/a><\/h3>            <div class=\"wpfd-extra\">                            <\/div>        <\/div>        <div class=\"extra-downloadlink\">{{#if openpdflink}}<a class=\"openlink wpfdlightbox wpfd_previewlink\" href=\"{{openpdflink}}\"  target=\"\">Avance                            <i class=\"zmdi zmdi-filter-center-focus wpfd-preview\"><\/i>                        <\/a>{{else}}{{#if viewerlink}}<a                            href=\"{{viewerlink}}\"                                                        class=\"openlink wpfdlightbox wpfd_previewlink\"                            target=\"\"                            data-id=\"{{ID}}\"                            data-catid=\"{{catid}}\"                            data-file-type=\"{{ext}}\">Avance<i class=\"zmdi zmdi-filter-center-focus wpfd-preview\"><\/i>                        <\/a>{{\/if}}{{\/if}}<\/div>    {{\/with}}<\/script>    <script type=\"text\/x-handlebars-template\" id=\"wpfd-template-tree-categories\">        {{#if categories}}        {{#each categories}}        <li class=\"directory collapsed\">            <a class=\"catlink\" href=\"#\" data-idcat=\"{{termID}}\">                <div class=\"icon-open-close\" data-id=\"{{termID}}\"><\/div>                <i class=\"zmdi zmdi-folder wpfd-folder\" style=\"color: {{color}}\"><\/i>                <span>{{name}}<\/span>            <\/a>        <\/li>        {{\/each}}        {{\/if}}    <\/script><script type=\"text\/x-handlebars-template\" id=\"wpfd-template-tree-files\">    {{#if files}}    {{#each files}}    <li class=\"file ext {{ext}} {{new_file_marker_class}}\">                    <i class=\"wpfd-file ext ext-{{ext}} wpfd-icon-set-svg\"><\/i>                                {{#if openpdflink}}                        <a class=\"wpfd-file-link\" data-category_id=\"{{catid}}\" target=\"\" href=\"{{linkdownload}}\" data-id=\"{{ID}}\" data-edit=\"{{edited}}\"               title=\"{{post_title}}\">{{{crop_title}}}{{new_marker_icon}}<\/a>        {{else}}                        <a class=\"wpfd-file-link\" data-category_id=\"{{catid}}\" target=\"\" href=\"{{linkdownload}}\" data-id=\"{{ID}}\" data-edit=\"{{edited}}\"               title=\"{{post_title}}\">{{{crop_title}}}{{new_marker_icon}}<\/a>        {{\/if}}            <\/li>    {{\/each}}    <\/div>    {{\/if}}<\/script><div class=\"wpfd-content wpfd-content-tree wpfd-content-category-normal wpfd-content-without-download-selected wpfd-content-multi\" data-category=\"259\"             style=\"display: none; background-color: rgba(255, 255, 255, 0)\"><input type=\"hidden\" id=\"current_category_259\" value=\"259\" \/>                    <input type=\"hidden\" id=\"current_category_slug_259\" value=\"estadisticas-resumen-precios-diarios-b-m-l\" \/>                    <input type=\"hidden\" id=\"current_ordering_259\" value=\"modified_time\" \/>                    <input type=\"hidden\" id=\"current_ordering_direction_259\" value=\"desc\" \/>                    <input type=\"hidden\" id=\"page_limit_259\" value=\"10\" \/><input type=\"hidden\" id=\"wpfd_display_empty_category_message\" value=\"0\" \/><input type=\"hidden\" id=\"wpfd_empty_category_message_val\" value=\"This file category has no files to display\" \/><input type=\"hidden\" id=\"wpfd_display_empty_folder\" value=\"0\" \/><input type=\"hidden\" id=\"wpfd_is_empty_subcategories\" value=\"1\" \/><input type=\"hidden\" id=\"wpfd_is_empty_files\" value=\"1\" \/><input type=\"hidden\" id=\"wpfd_root_category_id\" class=\"wpfd_root_category_id\" value=\"259\" \/><input type=\"hidden\" id=\"wpfd_root_category_theme\" class=\"wpfd_root_category_theme\" value=\"tree\" \/><input type=\"hidden\" id=\"wpfd_root_category_clone_theme_type\" class=\"wpfd_root_category_clone_theme_type\" value=\"none\" \/><input type=\"hidden\" id=\"wpfd_root_category_type\" class=\"wpfd_root_category_type\" value=\"259\" \/><input type=\"hidden\" id=\"wpfd_category_notify_file_changes\" class=\"wpfd_category_notify_file_changes\" value=\"0\" \/><input type=\"hidden\" id=\"wpfd_global_notify_file_changes\" class=\"wpfd_global_notify_file_changes\" value=\"0\" \/><input type=\"hidden\" id=\"wpfd_download_selected\" class=\"wpfd_download_selected\" value=\"0\" \/><input type=\"hidden\" id=\"wpfd_user_login\" class=\"wpfd_user_login\" value=\"0\" \/><div class=\"wpfd-content-header-section\"><\/div><ul class=\"wpfd-tree-categories-files\">            <li class=\"directory open expanded\"><a class=\"catlink\" href=\"#\" data-idcat=\"1012\"><div class=\"icon-open-close\" data-id=\"1012\"><\/div><i class=\"zmdi zmdi-folder wpfd-folder\" style=\"color: \"><\/i><span>2026<\/span><\/a><ul><li class=\"file ext pdf\"><i class=\"wpfd-file ext ext-pdf  wpfd-icon-set-svg\"><\/i><a class=\"wpfd-file-link\" href=\"https:\/\/www.cochilco.cl\/web\/download\/1012\/2026\/15524\/febrero-2026.pdf\" data-category_id=\"1012\" data-id=\"15524\" title=\"Febrero 2026\" target=\"\"><span class=\"title\">Febrero 2026<\/span><\/a><\/li><li class=\"file ext pdf\"><i class=\"wpfd-file ext ext-pdf  wpfd-icon-set-svg\"><\/i><a class=\"wpfd-file-link\" href=\"https:\/\/www.cochilco.cl\/web\/download\/1012\/2026\/15389\/enero-2026.pdf\" data-category_id=\"1012\" data-id=\"15389\" title=\"Enero 2026\" target=\"\"><span class=\"title\">Enero 2026<\/span><\/a><\/li><\/ul><\/li><li class=\"directory open expanded\"><a class=\"catlink\" href=\"#\" data-idcat=\"980\"><div class=\"icon-open-close\" data-id=\"980\"><\/div><i class=\"zmdi zmdi-folder wpfd-folder\" style=\"color: \"><\/i><span>2025<\/span><\/a><ul><li class=\"file ext pdf\"><i class=\"wpfd-file ext ext-pdf  wpfd-icon-set-svg\"><\/i><a class=\"wpfd-file-link\" href=\"https:\/\/www.cochilco.cl\/web\/download\/980\/2025\/15349\/diciembre-2025.pdf\" data-category_id=\"980\" data-id=\"15349\" title=\"Diciembre 2025\" target=\"\"><span class=\"title\">Diciembre 2025<\/span><\/a><\/li><li class=\"file ext pdf\"><i class=\"wpfd-file ext ext-pdf  wpfd-icon-set-svg\"><\/i><a class=\"wpfd-file-link\" href=\"https:\/\/www.cochilco.cl\/web\/download\/980\/2025\/15226\/noviembre-2025.pdf\" data-category_id=\"980\" data-id=\"15226\" title=\"Noviembre 2025\" target=\"\"><span class=\"title\">Noviembre 2025<\/span><\/a><\/li><li class=\"file ext pdf\"><i class=\"wpfd-file ext ext-pdf  wpfd-icon-set-svg\"><\/i><a class=\"wpfd-file-link\" href=\"https:\/\/www.cochilco.cl\/web\/download\/980\/2025\/15225\/octubre-2025.pdf\" data-category_id=\"980\" data-id=\"15225\" title=\"Octubre 2025\" target=\"\"><span class=\"title\">Octubre 2025<\/span><\/a><\/li><li class=\"file ext pdf\"><i class=\"wpfd-file ext ext-pdf  wpfd-icon-set-svg\"><\/i><a class=\"wpfd-file-link\" href=\"https:\/\/www.cochilco.cl\/web\/download\/980\/2025\/14974\/septiembre-2025.pdf\" data-category_id=\"980\" data-id=\"14974\" title=\"Septiembre 2025\" target=\"\"><span class=\"title\">Septiembre 2025<\/span><\/a><\/li><li class=\"file ext pdf\"><i class=\"wpfd-file ext ext-pdf  wpfd-icon-set-svg\"><\/i><a class=\"wpfd-file-link\" href=\"https:\/\/www.cochilco.cl\/web\/download\/980\/2025\/14865\/agosto-2025.pdf\" data-category_id=\"980\" data-id=\"14865\" title=\"Agosto 2025\" target=\"\"><span class=\"title\">Agosto 2025<\/span><\/a><\/li><li class=\"file ext pdf\"><i class=\"wpfd-file ext ext-pdf  wpfd-icon-set-svg\"><\/i><a class=\"wpfd-file-link\" href=\"https:\/\/www.cochilco.cl\/web\/download\/980\/2025\/14805\/julio-2025.pdf\" data-category_id=\"980\" data-id=\"14805\" title=\"Julio 2025\" target=\"\"><span class=\"title\">Julio 2025<\/span><\/a><\/li><li class=\"file ext pdf\"><i class=\"wpfd-file ext ext-pdf  wpfd-icon-set-svg\"><\/i><a class=\"wpfd-file-link\" href=\"https:\/\/www.cochilco.cl\/web\/download\/980\/2025\/13758\/junio-2025.pdf\" data-category_id=\"980\" data-id=\"13758\" title=\"Junio 2025\" target=\"\"><span class=\"title\">Junio 2025<\/span><\/a><\/li><li class=\"file ext pdf\"><i class=\"wpfd-file ext ext-pdf  wpfd-icon-set-svg\"><\/i><a class=\"wpfd-file-link\" href=\"https:\/\/www.cochilco.cl\/web\/download\/980\/2025\/13700\/mayo-2025.pdf\" data-category_id=\"980\" data-id=\"13700\" title=\"Mayo 2025\" target=\"\"><span class=\"title\">Mayo 2025<\/span><\/a><\/li><li class=\"file ext pdf\"><i class=\"wpfd-file ext ext-pdf  wpfd-icon-set-svg\"><\/i><a class=\"wpfd-file-link\" href=\"https:\/\/www.cochilco.cl\/web\/download\/980\/2025\/13519\/abril-2025.pdf\" data-category_id=\"980\" data-id=\"13519\" title=\"Abril 2025\" target=\"\"><span class=\"title\">Abril 2025<\/span><\/a><\/li><li class=\"file ext pdf\"><i class=\"wpfd-file ext ext-pdf  wpfd-icon-set-svg\"><\/i><a class=\"wpfd-file-link\" href=\"https:\/\/www.cochilco.cl\/web\/download\/980\/2025\/13511\/marzo-2025.pdf\" data-category_id=\"980\" data-id=\"13511\" title=\"Marzo 2025\" target=\"\"><span class=\"title\">Marzo 2025<\/span><\/a><\/li><li class=\"file ext pdf\"><i class=\"wpfd-file ext ext-pdf  wpfd-icon-set-svg\"><\/i><a class=\"wpfd-file-link\" href=\"https:\/\/www.cochilco.cl\/web\/download\/980\/2025\/13274\/febrero-2025.pdf\" data-category_id=\"980\" data-id=\"13274\" title=\"Febrero 2025\" target=\"\"><span class=\"title\">Febrero 2025<\/span><\/a><\/li><li class=\"file ext pdf\"><i class=\"wpfd-file ext ext-pdf  wpfd-icon-set-svg\"><\/i><a class=\"wpfd-file-link\" href=\"https:\/\/www.cochilco.cl\/web\/download\/980\/2025\/13150\/enero-2025.pdf\" data-category_id=\"980\" data-id=\"13150\" title=\"Enero 2025\" target=\"\"><span class=\"title\">Enero 2025<\/span><\/a><\/li><\/ul><\/li><li class=\"directory open expanded\"><a class=\"catlink\" href=\"#\" data-idcat=\"866\"><div class=\"icon-open-close\" data-id=\"866\"><\/div><i class=\"zmdi zmdi-folder wpfd-folder\" style=\"color: \"><\/i><span>2024<\/span><\/a><ul><li class=\"file ext pdf\"><i class=\"wpfd-file ext ext-pdf  wpfd-icon-set-svg\"><\/i><a class=\"wpfd-file-link\" href=\"https:\/\/www.cochilco.cl\/web\/download\/866\/2024\/12996\/diciembre-2024.pdf\" data-category_id=\"866\" data-id=\"12996\" title=\"Diciembre 2024\" target=\"\"><span class=\"title\">Diciembre 2024<\/span><\/a><\/li><li class=\"file ext pdf\"><i class=\"wpfd-file ext ext-pdf  wpfd-icon-set-svg\"><\/i><a class=\"wpfd-file-link\" href=\"https:\/\/www.cochilco.cl\/web\/download\/866\/2024\/12995\/noviembre-2024.pdf\" data-category_id=\"866\" data-id=\"12995\" title=\"Noviembre 2024\" target=\"\"><span class=\"title\">Noviembre 2024<\/span><\/a><\/li><li class=\"file ext pdf\"><i class=\"wpfd-file ext ext-pdf  wpfd-icon-set-svg\"><\/i><a class=\"wpfd-file-link\" href=\"https:\/\/www.cochilco.cl\/web\/download\/866\/2024\/12802\/octubre2024.pdf\" data-category_id=\"866\" data-id=\"12802\" title=\"Octubre2024\" target=\"\"><span class=\"title\">Octubre2024<\/span><\/a><\/li><li class=\"file ext pdf\"><i class=\"wpfd-file ext ext-pdf  wpfd-icon-set-svg\"><\/i><a class=\"wpfd-file-link\" href=\"https:\/\/www.cochilco.cl\/web\/download\/866\/2024\/12535\/septiembre-2024.pdf\" data-category_id=\"866\" data-id=\"12535\" title=\"Septiembre 2024\" target=\"\"><span class=\"title\">Septiembre 2024<\/span><\/a><\/li><li class=\"file ext pdf\"><i class=\"wpfd-file ext ext-pdf  wpfd-icon-set-svg\"><\/i><a class=\"wpfd-file-link\" href=\"https:\/\/www.cochilco.cl\/web\/download\/866\/2024\/12534\/agosto-2024.pdf\" data-category_id=\"866\" data-id=\"12534\" title=\"Agosto 2024\" target=\"\"><span class=\"title\">Agosto 2024<\/span><\/a><\/li><li class=\"file ext pdf\"><i class=\"wpfd-file ext ext-pdf  wpfd-icon-set-svg\"><\/i><a class=\"wpfd-file-link\" href=\"https:\/\/www.cochilco.cl\/web\/download\/866\/2024\/12533\/julio-2024.pdf\" data-category_id=\"866\" data-id=\"12533\" title=\"Julio 2024\" target=\"\"><span class=\"title\">Julio 2024<\/span><\/a><\/li><li class=\"file ext pdf\"><i class=\"wpfd-file ext ext-pdf  wpfd-icon-set-svg\"><\/i><a class=\"wpfd-file-link\" href=\"https:\/\/www.cochilco.cl\/web\/download\/866\/2024\/11640\/junio-2024.pdf\" data-category_id=\"866\" data-id=\"11640\" title=\"Junio 2024\" target=\"\"><span class=\"title\">Junio 2024<\/span><\/a><\/li><li class=\"file ext pdf\"><i class=\"wpfd-file ext ext-pdf  wpfd-icon-set-svg\"><\/i><a class=\"wpfd-file-link\" href=\"https:\/\/www.cochilco.cl\/web\/download\/866\/2024\/11639\/abril-2024.pdf\" data-category_id=\"866\" data-id=\"11639\" title=\"Abril 2024\" target=\"\"><span class=\"title\">Abril 2024<\/span><\/a><\/li><li class=\"file ext pdf\"><i class=\"wpfd-file ext ext-pdf  wpfd-icon-set-svg\"><\/i><a class=\"wpfd-file-link\" href=\"https:\/\/www.cochilco.cl\/web\/download\/866\/2024\/11638\/marzo-2024.pdf\" data-category_id=\"866\" data-id=\"11638\" title=\"Marzo 2024\" target=\"\"><span class=\"title\">Marzo 2024<\/span><\/a><\/li><li class=\"file ext pdf\"><i class=\"wpfd-file ext ext-pdf  wpfd-icon-set-svg\"><\/i><a class=\"wpfd-file-link\" href=\"https:\/\/www.cochilco.cl\/web\/download\/866\/2024\/11637\/febrero-2024.pdf\" data-category_id=\"866\" data-id=\"11637\" title=\"Febrero 2024\" target=\"\"><span class=\"title\">Febrero 2024<\/span><\/a><\/li><li class=\"file ext pdf\"><i class=\"wpfd-file ext ext-pdf  wpfd-icon-set-svg\"><\/i><a class=\"wpfd-file-link\" href=\"https:\/\/www.cochilco.cl\/web\/download\/866\/2024\/9325\/enero-2024.pdf\" data-category_id=\"866\" data-id=\"9325\" title=\"Enero 2024\" target=\"\"><span class=\"title\">Enero 2024<\/span><\/a><\/li><\/ul><\/li>        <\/ul><\/div>\n\t\t<\/div>\n\t\t\t\t\t<\/div>\n\n\t\n<\/div>\n","protected":false},"excerpt":{"rendered":"","protected":false},"author":1,"featured_media":0,"parent":0,"menu_order":0,"comment_status":"closed","ping_status":"closed","template":"","meta":{"footnotes":""},"class_list":["post-5579","page","type-page","status-publish","hentry"],"_links":{"self":[{"href":"https:\/\/www.cochilco.cl\/web\/wp-json\/wp\/v2\/pages\/5579","targetHints":{"allow":["GET"]}}],"collection":[{"href":"https:\/\/www.cochilco.cl\/web\/wp-json\/wp\/v2\/pages"}],"about":[{"href":"https:\/\/www.cochilco.cl\/web\/wp-json\/wp\/v2\/types\/page"}],"author":[{"embeddable":true,"href":"https:\/\/www.cochilco.cl\/web\/wp-json\/wp\/v2\/users\/1"}],"replies":[{"embeddable":true,"href":"https:\/\/www.cochilco.cl\/web\/wp-json\/wp\/v2\/comments?post=5579"}],"version-history":[{"count":19,"href":"https:\/\/www.cochilco.cl\/web\/wp-json\/wp\/v2\/pages\/5579\/revisions"}],"predecessor-version":[{"id":12007,"href":"https:\/\/www.cochilco.cl\/web\/wp-json\/wp\/v2\/pages\/5579\/revisions\/12007"}],"wp:attachment":[{"href":"https:\/\/www.cochilco.cl\/web\/wp-json\/wp\/v2\/media?parent=5579"}],"curies":[{"name":"wp","href":"https:\/\/api.w.org\/{rel}","templated":true}]}}