{"id":5583,"date":"2022-07-18T20:52:25","date_gmt":"2022-07-18T20:52:25","guid":{"rendered":"http:\/\/localhost:8092\/web\/?page_id=5583"},"modified":"2024-10-22T10:17:15","modified_gmt":"2024-10-22T13:17:15","slug":"boletin-mensual-electronico","status":"publish","type":"page","link":"https:\/\/www.cochilco.cl\/web\/boletin-mensual-electronico\/","title":{"rendered":"Bolet\u00edn Mensual Electr\u00f3nico"},"content":{"rendered":"<div class=\"row\"  id=\"row-924338975\">\n\n\t<div id=\"col-1044030563\" class=\"col medium-3 small-12 large-3 col-divided\"  >\n\t\t\t\t<div class=\"col-inner\"  >\n\t\t\t\n\t\t\t\n\n<div id='iksm-10190' class='iksm iksm-10190 iksm-container '  data-id='10190' data-is-pro='1' data-source='menu'><div class='iksm-terms'><div class='iksm-terms-tree iksm-terms-tree--level-1 iksm-terms-tree--parents' style=''><div class=\"iksm-terms-tree__inner\">\n        <div class=\"iksm-term iksm-term--id-10182 iksm-term--parent\" data-id=\"10182\">\n            <div class=\"iksm-term__inner\" tabindex='0'>\n                <a class=\"iksm-term__link\" href='https:\/\/www.cochilco.cl\/web\/la-rueda-diaria\/' target='_self' tabindex='-1'>\n\t\t\t\t        <span class=\"iksm-term__text\">La Rueda Diaria<\/span>\n\t\t            <\/a>\n\t\t\t        <\/div>\n\t\t        <\/div>\n\n\t\t\n        <div class=\"iksm-term iksm-term--id-10183 iksm-term--parent\" data-id=\"10183\">\n            <div class=\"iksm-term__inner\" tabindex='0'>\n                <a class=\"iksm-term__link\" href='https:\/\/www.cochilco.cl\/web\/la-rueda-mensual\/' target='_self' tabindex='-1'>\n\t\t\t\t        <span class=\"iksm-term__text\">Resumen Precios Diarios B.M.L<\/span>\n\t\t            <\/a>\n\t\t\t        <\/div>\n\t\t        <\/div>\n\n\t\t\n        <div class=\"iksm-term iksm-term--id-10184 iksm-term--parent\" data-id=\"10184\">\n            <div class=\"iksm-term__inner\" tabindex='0'>\n                <a class=\"iksm-term__link\" href='https:\/\/www.cochilco.cl\/web\/boletin-mensual-electronico\/' target='_self' tabindex='-1'>\n\t\t\t\t        <span class=\"iksm-term__text\">Bolet\u00edn Mensual Electr\u00f3nico<\/span>\n\t\t            <\/a>\n\t\t\t        <\/div>\n\t\t        <\/div>\n\n\t\t\n        <div class=\"iksm-term iksm-term--id-10185 iksm-term--parent\" data-id=\"10185\">\n            <div class=\"iksm-term__inner\" tabindex='0'>\n                <a class=\"iksm-term__link\" href='https:\/\/www.cochilco.cl:4040\/boletin-web\/pages\/index\/index.jsf' target='_blank' tabindex='-1'>\n\t\t\t\t        <span class=\"iksm-term__text\">Base de Datos Electr\u00f3nica (BDE)<\/span>\n\t\t            <\/a>\n\t\t\t        <\/div>\n\t\t        <\/div>\n\n\t\t\n        <div class=\"iksm-term iksm-term--id-10186 iksm-term--parent\" data-id=\"10186\">\n            <div class=\"iksm-term__inner\" tabindex='0'>\n                <a class=\"iksm-term__link\" href='https:\/\/www.cochilco.cl\/web\/anuario-de-estadisticas-del-cobre-y-otros-minerales\/' target='_self' tabindex='-1'>\n\t\t\t\t        <span class=\"iksm-term__text\">Anuario de Estad\u00edsticas del Cobre y Otros Minerales<\/span>\n\t\t            <\/a>\n\t\t\t        <\/div>\n\t\t        <\/div>\n\n\t\t\n        <div class=\"iksm-term iksm-term--id-10187 iksm-term--parent\" data-id=\"10187\">\n            <div class=\"iksm-term__inner\" tabindex='0'>\n                <a class=\"iksm-term__link\" href='https:\/\/www.cochilco.cl\/web\/estadisticas-mineria\/' target='_self' tabindex='-1'>\n\t\t\t\t        <span class=\"iksm-term__text\">Estad\u00edsticas de la Miner\u00eda no Met\u00e1lica<\/span>\n\t\t            <\/a>\n\t\t\t        <\/div>\n\t\t        <\/div>\n\n\t\t\n        <div class=\"iksm-term iksm-term--id-10188 iksm-term--parent\" data-id=\"10188\">\n            <div class=\"iksm-term__inner\" tabindex='0'>\n                <a class=\"iksm-term__link\" href='https:\/\/www.cochilco.cl\/web\/historico-precio-de-los-metales\/' target='_self' tabindex='-1'>\n\t\t\t\t        <span class=\"iksm-term__text\">Hist\u00f3rico Precio de los Metales\u200b\u200b\u200b<\/span>\n\t\t            <\/a>\n\t\t\t        <\/div>\n\t\t        <\/div>\n\n\t\t\n        <div class=\"iksm-term iksm-term--id-10189 iksm-term--parent\" data-id=\"10189\">\n            <div class=\"iksm-term__inner\" tabindex='0'>\n                <a class=\"iksm-term__link\" href='https:\/\/www.cochilco.cl\/web\/historico-inventarios-mundiales-de-cobre\/' target='_self' tabindex='-1'>\n\t\t\t\t        <span class=\"iksm-term__text\">Hist\u00f3rico Inventarios Mundiales de Cobre<\/span>\n\t\t            <\/a>\n\t\t\t        <\/div>\n\t\t        <\/div>\n\n\t\t\n        <div class=\"iksm-term iksm-term--id-12676 iksm-term--parent\" data-id=\"12676\">\n            <div class=\"iksm-term__inner\" tabindex='0'>\n                <a class=\"iksm-term__link\" href='https:\/\/www.cochilco.cl\/web\/historico-produccion-de-cobre-y-molibdeno\/' target='_self' tabindex='-1'>\n\t\t\t\t        <span class=\"iksm-term__text\">Hist\u00f3rico Producci\u00f3n de Cobre y Molibdeno<\/span>\n\t\t            <\/a>\n\t\t\t        <\/div>\n\t\t        <\/div>\n\n\t\t<\/div><\/div><\/div><div id=\"iksm_data_args\" class=\"data-args\"  data-collapse_children_terms='' data-collapse_other_terms='' data-collapse_animation_duration='400' data-expand_animation_duration='400' data-toggle_by_item_click=''><\/div><\/div><script id=\"styles-copier-69d6ce005ded0\">\n\t\t\t\/\/ Finding styles element\n\t        var element = document.getElementById(\"iksm-dynamic-style\");\n\t        if (!element) { \/\/ If no element (Cache plugins can remove tag), then creating a new one\n                element = document.createElement('style');\n                var head = document.getElementsByTagName(\"head\")\n                if (head && head[0]) {\n                \thead[0].appendChild(element);\n                } else {\n                  \tconsole.warn(\"Iks Menu | Error while printing styles. Please contact technical support.\");\n                }\n\t        }\n\t\t\t\/\/ Copying styles to <styles> tag\n\t        element.innerHTML += \".iksm-10190 .iksm-terms{transition:all 400ms;animation:iks-fade-in 1000ms;}.iksm-10190 .iksm-terms-tree--level-1 > * > .iksm-term:not(:last-child){margin-bottom:0;}.iksm-10190 .iksm-terms-tree--children > .iksm-terms-tree__inner{animation:iks-zoom-in 400ms;}.iksm-10190 .iksm-term__inner{background-color:rgba(255,255,255,1);min-height:44px;transition:all 400ms;}.iksm-10190 .iksm-term__inner:hover{background-color:rgba(236,236,236,1);}.iksm-10190 .iksm-term--current > .iksm-term__inner{background-color:rgba(212,212,212,1);}.iksm-10190 .iksm-term__link{color:rgba(0,0,0,1);font-size:15px;line-height:15px;font-weight:400;text-decoration:none;padding-top:5px;padding-right:15px;padding-bottom:5px;padding-left:15px;transition:all 400ms;}.iksm-10190 .iksm-term__inner:hover .iksm-term__link{color:rgba(50,50,50,1);}.iksm-10190 .iksm-term__toggle__inner{transition:transform 400ms}.iksm-10190 .iksm-term--expanded > .iksm-term__inner > .iksm-term__toggle > .iksm-term__toggle__inner{transform:rotate(180deg);}.iksm-10190 .iksm-term__toggle{color:rgba(133,133,133,1);font-size:22px;align-self:stretch;height:unset;;width:40px;transition:all 400ms;}.iksm-10190 .iksm-term__toggle:hover{color:rgba(0,0,0,1);}.iksm-10190 .iksm-term__image-container{width:30px;min-width:30px;height:30px;min-height:30px;margin-right:15px;transition:all 400ms;}.iksm-10190 .iksm-term__image{background-size:contain;background-position:center;background-repeat:no-repeat;}.iksm-10190 .iksm-term__image-container:hover{background-size:contain;background-position:center;background-repeat:no-repeat;}.iksm-10190 .iksm-term__inner:hover .iksm-term__image-container{background-size:contain;background-position:center;background-repeat:no-repeat;}.iksm-10190 .iksm-term__inner:focus .iksm-term__image-container{background-size:contain;background-position:center;background-repeat:no-repeat;}.iksm-10190 .iksm-term--current > .iksm-term__inner .iksm-term__image-container{background-size:contain;background-position:center;background-repeat:no-repeat;}.iksm-10190 .iksm-term--child .iksm-term__inner .iksm-term__image-container{background-size:contain;background-position:center;background-repeat:no-repeat;}.iksm-10190 .iksm-term--child .iksm-term__inner .iksm-term__image-container:hover{background-size:contain;background-position:center;background-repeat:no-repeat;}.iksm-10190 .iksm-term--child .iksm-term__inner .iksm-term__image-container:focus{background-size:contain;background-position:center;background-repeat:no-repeat;}.iksm-10190 .iksm-term--child.iksm-term--current > .iksm-term__inner .iksm-term__image-container{background-size:contain;background-position:center;background-repeat:no-repeat;}.iksm-10190  .iksm-term__text{flex: unset}.iksm-10190 .iksm-term__posts-count{color:rgba(133,133,133,1);font-size:16px;margin-left:10px;font-weight:400;transition:all 400ms;}.iksm-10190 .iksm-term--collapsing > .iksm-terms-tree--children > .iksm-terms-tree__inner{animation:iks-zoom-out 400ms;}\";\n\t        \/\/ Removing this script\n            var this_script = document.getElementById(\"styles-copier-69d6ce005ded0\");\n            if (this_script) { \/\/ Cache plugins can remove tag\n\t            this_script.outerHTML = \"\";\n\t            if (this_script.parentNode) {\n\t                this_script.parentNode.removeChild(this_script);\n\t            }\n            }\n        <\/script>\n\n\t\t<\/div>\n\t\t\t\t\t<\/div>\n\n\t\n\n\t<div id=\"col-2029046681\" class=\"col medium-9 small-12 large-9 col-divided\"  >\n\t\t\t\t<div class=\"col-inner\"  >\n\t\t\t\n\t\t\t\n<div class=\"container section-title-container\" ><h3 class=\"section-title section-title-normal\"><b aria-hidden=\"true\"><\/b><span class=\"section-title-main\" >Bolet\u00edn Mensual Electr\u00f3nico<\/span><b aria-hidden=\"true\"><\/b><\/h3><\/div>\n\t<div id=\"text-2875135170\" class=\"text\">\n\t\t\n<p style=\"text-align: justify;\"><span lang=\"ES\" style=\"font-family: 'Verdana',sans-serif;\">Este producto de actualizaci\u00f3n mensual, ha sido dise\u00f1ado con el prop\u00f3sito de entregar una herramienta que permita hacer m\u00e1s eficiente el uso y b\u00fasqueda de la informaci\u00f3n minera.<\/span><\/p>\n<p style=\"text-align: justify;\"><span lang=\"ES\" style=\"font-family: 'Verdana',sans-serif;\">Facilitar el acceso oportuno a la informaci\u00f3n estad\u00edstica mensual de Cochilco para los diversos actores p\u00fablicos y privados del sector minero <\/span><\/p>\n<article id=\"selector\">\n<form action=\"https:\/\/boletin.cochilco.cl\/estadisticas\/index2.asp#\" method=\"get\">\n<p><strong>Seleccione Mes:<\/strong><\/p>\n<\/form>\n<\/article>\n\t\t\n<style>\n#text-2875135170 {\n  line-height: 1;\n}\n<\/style>\n\t<\/div>\n\t\n\n<style>\n        .transparent-iframe {\n            background-color: transparent;\n            border: none;\n            width: 100%;\n            height: 700px !important;\n        }\n    <\/style>\n<p><iframe class=\"transparent-iframe\" src=\"https:\/\/boletin.cochilco.cl\/estadisticas\/index2.asp\" \n            allowtransparency=\"true\"><\/iframe><br \/>\n\n\t\t<\/div>\n\t\t\t\t\t<\/div>\n\n\t\n<\/div>\n","protected":false},"excerpt":{"rendered":"","protected":false},"author":1,"featured_media":0,"parent":0,"menu_order":0,"comment_status":"closed","ping_status":"closed","template":"","meta":{"footnotes":""},"class_list":["post-5583","page","type-page","status-publish","hentry"],"_links":{"self":[{"href":"https:\/\/www.cochilco.cl\/web\/wp-json\/wp\/v2\/pages\/5583","targetHints":{"allow":["GET"]}}],"collection":[{"href":"https:\/\/www.cochilco.cl\/web\/wp-json\/wp\/v2\/pages"}],"about":[{"href":"https:\/\/www.cochilco.cl\/web\/wp-json\/wp\/v2\/types\/page"}],"author":[{"embeddable":true,"href":"https:\/\/www.cochilco.cl\/web\/wp-json\/wp\/v2\/users\/1"}],"replies":[{"embeddable":true,"href":"https:\/\/www.cochilco.cl\/web\/wp-json\/wp\/v2\/comments?post=5583"}],"version-history":[{"count":44,"href":"https:\/\/www.cochilco.cl\/web\/wp-json\/wp\/v2\/pages\/5583\/revisions"}],"predecessor-version":[{"id":12296,"href":"https:\/\/www.cochilco.cl\/web\/wp-json\/wp\/v2\/pages\/5583\/revisions\/12296"}],"wp:attachment":[{"href":"https:\/\/www.cochilco.cl\/web\/wp-json\/wp\/v2\/media?parent=5583"}],"curies":[{"name":"wp","href":"https:\/\/api.w.org\/{rel}","templated":true}]}}