{"id":8445,"date":"2023-08-03T19:08:01","date_gmt":"2023-08-03T19:08:01","guid":{"rendered":"http:\/\/srvscase:8092\/web\/?page_id=8445"},"modified":"2025-05-06T15:43:47","modified_gmt":"2025-05-06T18:43:47","slug":"determinacion-de-la-reserva-de-cobre-para-la-industria-manufacturera-nacional","status":"publish","type":"page","link":"https:\/\/www.cochilco.cl\/web\/determinacion-de-la-reserva-de-cobre-para-la-industria-manufacturera-nacional\/","title":{"rendered":"Determinaci\u00f3n de la reserva de cobre para la industria manufacturera nacional"},"content":{"rendered":"\t<div id=\"text-149348758\" class=\"text\">\n\t\t\n<h1 style=\"text-align: justify;\">Determinaci\u00f3n de la reserva de cobre para la industria manufacturera nacional<\/h1>\n<h3 style=\"text-align: justify;\">Descripci\u00f3n<\/h3>\n<p style=\"text-align: justify;\">Si eres una empresa manufacturera nacional de cobre, que calificas para ello, puedes acceder a la reserva de cobre refinado por periodos anuales.<\/p>\n<p style=\"text-align: justify;\"><strong>Este proceso consta de las siguientes etapas<\/strong>:<\/p>\n<ul style=\"text-align: justify;\">\n<li><strong>Registro como manufacturero a la Reserva de Cobre. <\/strong>Si cumples con las condiciones estipuladas en el D.L N\u00b032, que reglamenta la Ley N\u00b016.624, deber\u00e1s hacer la solicitud de tu registro a trav\u00e9s de la casilla de correo <a href=\"mailto:reservacobre@cochilco.cl\">reservacobre@cochilco.cl<\/a><\/li>\n<li><strong>Asignaci\u00f3n de la reserva global anual a las empresas manufactureras. <\/strong>Si eres una empresa manufacturera registrada bajo la Reserva de Cobre, al amparo de la Ley 16.624, podr\u00e1s solicitar cobre refinado para el consumo anual del a\u00f1o siguiente.\u00a0<\/li>\n<li><strong>Asignaci\u00f3n de las reservas espec\u00edficas (enero a marzo y abril a diciembre). <\/strong>Si eres una empresa manufacturera a la cual se le aprob\u00f3 la Reserva Global para el a\u00f1o siguiente, en esta etapa, deber\u00e1s especificar el consumo de cobre refinado para los primeros 3 meses del a\u00f1o siguiente, posteriormente, notificar el consumo para el resto del a\u00f1o.<\/li>\n<li><strong>Determinaci\u00f3n de Premios y Gastos No Incurridos (GNI), <\/strong>Esta Comisi\u00f3n determinar\u00e1 e informar\u00e1 a los manufactureros y productores de la Gran Miner\u00eda, los premios\/ descuentos y los gastos no incurridos (fletes, seguros y otros), valores que ser\u00e1n utilizados por los productores a los manufactureros al momento de realizar la Venta Nacional.<\/li>\n<\/ul>\n<p style=\"text-align: justify;\">Solicita mayores antecedentes al correo electr\u00f3nico <a href=\"mailto:reservacobre@cochilco.cl\">reservacobre@cochilco.cl<\/a>,<\/p>\n<h3 style=\"text-align: justify;\">Revisa qui\u00e9nes pueden acceder<\/h3>\n<p style=\"text-align: justify;\"><strong>Tendr\u00e1n derecho a reserva de cobre refinado:<\/strong><\/p>\n<ul style=\"text-align: justify;\">\n<li>Las industrias clasificadas (Decreto N\u00b0 32), cuyas instalaciones sean aprobadas por Cochilco y sus productos cumplan con las condiciones t\u00e9cnicas se\u00f1aladas en el art\u00edculo 2 de decreto. A modo general se definen 5 categor\u00edas de industrias: <strong>primaria, terminadora, qu\u00edmica, de fundici\u00f3n y de aleaciones certificadas<\/strong>.<\/li>\n<li>Los organismos del Estado, empresas aut\u00f3nomas del Estado y empresas p\u00fablicas creadas por ley. Adem\u00e1s, aquellas en que el Estado sea directamente o a trav\u00e9s de las instituciones enumeradas (o filiales), tenga aporte de capital o representaci\u00f3n y que necesiten cobre para su consumo o para los fines que les sean propios.<\/li>\n<li>Otras personas o entidades que, en forma permanente u ocasional, usen o consuman cobre refinado en el desarrollo de sus actividades. En esos casos, Cochilco verificar\u00e1 que cuenten con los elementos necesarios propios o de terceros, para desarrollar una transformaci\u00f3n que implique una efectiva y suficiente incorporaci\u00f3n de valores al cobre materia prima.<\/li>\n<\/ul>\n<h3 style=\"text-align: justify;\">Fechas Importantes<\/h3>\n<p style=\"text-align: justify;\"><strong>Fechas Importantes que considerar:<\/strong><\/p>\n<ul style=\"text-align: justify;\">\n<li><strong>Antes del 30 de septiembre de cada a\u00f1o<\/strong>: El manufacturero deber\u00e1 notificar a esta comisi\u00f3n una estimaci\u00f3n global fundada del total de sus necesidades de abastecimiento de cobre refinado para el siguiente a\u00f1o.<\/li>\n<li><strong>Antes del 30 de octubre de cada a\u00f1o: <\/strong>Se notificar\u00e1 a los manufactureros y productores la reserva global aprobada de cobre refinado para el siguiente a\u00f1o.<\/li>\n<li><strong>Antes del 30 de noviembre de cada a\u00f1o: <\/strong>Los manufactureros deber\u00e1n informar el monto espec\u00edfico de sus necesidades de cobre refinado para los 3 primeros meses del a\u00f1o siguiente (enero a marzo), en base a la reserva global previamente aprobada.<\/li>\n<li><strong>Antes del 10 de diciembre de cada a\u00f1o<\/strong> Se notificar\u00e1 a los manufactureros y productores la reserva espec\u00edfica aprobada de cobre refinado para el primer trimestre del a\u00f1o siguiente (enero a marzo).<\/li>\n<li><strong>Antes del 31 de enero de cada a\u00f1o<\/strong>: Los manufactureros deber\u00e1n informar el monto espec\u00edfico de sus necesidades de cobre refinado, para los meses de abril a diciembre del a\u00f1o en curso, en base a la reserva global previamente aprobada.<\/li>\n<li style=\"text-align: justify;\"><strong>Antes del 28 de febrero de cada a\u00f1o:<\/strong> Se notificar\u00e1 a los manufactureros y productores la reserva espec\u00edfica aprobada de cobre refinado, para los meses de abril a diciembre del a\u00f1o en curso.<\/li>\n<\/ul>\n<h3 style=\"text-align: justify;\">Reg\u00edstrate en Cochilco<\/h3>\n<p style=\"text-align: justify;\">Para acceder a las reservas de cobre, env\u00eda una solicitud al correo electr\u00f3nico: <a href=\"mailto:reservacobre@cochilco.cl\">reservacobre@cochilco.cl<\/a>, adjuntando los siguientes antecedentes y documentos en formato PDF:<\/p>\n<ul style=\"text-align: justify;\">\n<li>RUT de la empresa.<\/li>\n<li>Constituci\u00f3n de la sociedad\/modificaciones.<\/li>\n<li>Inicio de actividades en SII.<\/li>\n<li>Direcci\u00f3n comercial.<\/li>\n<li>Direcci\u00f3n de la instalaci\u00f3n industrial (planta).<\/li>\n<li>Responsable legal: nombre, cargo jer\u00e1rquico, RUT, tel\u00e9fono, correo electr\u00f3nico.<\/li>\n<li>Portafolio de productores con especificaciones t\u00e9cnicas.<\/li>\n<li>Nivel de producci\u00f3n esperando anual, por producto.<\/li>\n<li>Contraparte\/contacto: nombre, cargo jer\u00e1rquico, RUT, tel\u00e9fono y correo electr\u00f3nico.<\/li>\n<\/ul>\n<p style=\"text-align: justify;\"><strong>Importante<\/strong>: Cochilco podr\u00e1 solicitarte informaci\u00f3n complementaria y aclaraciones a los antecedentes presentados, m\u00e1s la realizaci\u00f3n de visitas t\u00e9cnicas a las instalaciones de tu planta de producci\u00f3n.<\/p>\n<h3 style=\"text-align: justify;\">Gestiona las reservas de cobre refinado<\/h3>\n<p style=\"text-align: justify;\">Para gestionar la Reserva de Cobre refinado hazlo a trav\u00e9s del correo electr\u00f3nico reservacobre@cochilco.cl<\/p>\n<h3 style=\"text-align: justify;\">Lee el marco legal<\/h3>\n<ul>\n<li style=\"text-align: justify;\"><a href=\"https:\/\/www.bcn.cl\/leychile\/navegar?idNorma=3428\" target=\"_blank\" rel=\"noopener\">Decreto con Fuerza de Ley (DFL) N\u00b0 1<\/a>, del 28 de abril de 1987, que fija texto refundido, coordinado y sistematizado del Decreto Ley N\u00b0 1.349, de 1976, que crea la Comisi\u00f3n Chilena del Cobre.<\/li>\n<li style=\"text-align: justify;\"><a href=\"https:\/\/www.bcn.cl\/leychile\/navegar?idNorma=28585\" target=\"_blank\" rel=\"noopener\">Ley N\u00b0 16.624<\/a>, del 15 de mayo de 1967, que fija el texto refundido y definitivo de la Ley N\u00b0 11.828, del 5 de mayo de 1955, y de la Ley N\u00b0 16.425, del 25 de enero de 1966.<\/li>\n<li style=\"text-align: justify;\"><a href=\"https:\/\/www.bcn.cl\/leychile\/navegar?idNorma=7870\" target=\"_blank\" rel=\"noopener\">Decreto N\u00b0 32<\/a>, del 8 de octubre de 1988, que reglamenta la aplicaci\u00f3n de los art\u00edculos N\u00b0 7, N\u00b0 8 y N\u00b0 9 de la Ley N\u00b0 16.624, y del Decreto Ley N\u00b01349, de 1976, en lo referente al abastecimiento de cobre para la industria nacional.<\/li>\n<\/ul>\n\t\t\n<style>\n#text-149348758 {\n  text-align: left;\n}\n<\/style>\n\t<\/div>\n\t\n<a href=\"https:\/\/app.cochilco.cl\/web\/tramites-disponibles\/\" class=\"button alert\" >\n\t\t<span>VOLVER AL LISTADO DE TR\u00c1MITES<\/span>\n\t<\/a>\n\n","protected":false},"excerpt":{"rendered":"","protected":false},"author":1,"featured_media":0,"parent":0,"menu_order":0,"comment_status":"closed","ping_status":"closed","template":"","meta":{"footnotes":""},"class_list":["post-8445","page","type-page","status-publish","hentry"],"_links":{"self":[{"href":"https:\/\/www.cochilco.cl\/web\/wp-json\/wp\/v2\/pages\/8445","targetHints":{"allow":["GET"]}}],"collection":[{"href":"https:\/\/www.cochilco.cl\/web\/wp-json\/wp\/v2\/pages"}],"about":[{"href":"https:\/\/www.cochilco.cl\/web\/wp-json\/wp\/v2\/types\/page"}],"author":[{"embeddable":true,"href":"https:\/\/www.cochilco.cl\/web\/wp-json\/wp\/v2\/users\/1"}],"replies":[{"embeddable":true,"href":"https:\/\/www.cochilco.cl\/web\/wp-json\/wp\/v2\/comments?post=8445"}],"version-history":[{"count":18,"href":"https:\/\/www.cochilco.cl\/web\/wp-json\/wp\/v2\/pages\/8445\/revisions"}],"predecessor-version":[{"id":13442,"href":"https:\/\/www.cochilco.cl\/web\/wp-json\/wp\/v2\/pages\/8445\/revisions\/13442"}],"wp:attachment":[{"href":"https:\/\/www.cochilco.cl\/web\/wp-json\/wp\/v2\/media?parent=8445"}],"curies":[{"name":"wp","href":"https:\/\/api.w.org\/{rel}","templated":true}]}}