{"id":8448,"date":"2023-08-03T19:12:02","date_gmt":"2023-08-03T19:12:02","guid":{"rendered":"http:\/\/srvscase:8092\/web\/?page_id=8448"},"modified":"2025-06-27T11:26:31","modified_gmt":"2025-06-27T14:26:31","slug":"inscripcion-en-el-registro-de-exportadores-de-la-comision-chilena-del-cobre","status":"publish","type":"page","link":"https:\/\/www.cochilco.cl\/web\/inscripcion-en-el-registro-de-exportadores-de-la-comision-chilena-del-cobre\/","title":{"rendered":"Inscripci\u00f3n en el registro de exportadores de la Comisi\u00f3n Chilena del Cobre"},"content":{"rendered":"<h1 style=\"text-align: justify;\">Inscripci\u00f3n en el registro de exportadores de la Comisi\u00f3n Chilena del Cobre<\/h1>\n<h3 style=\"text-align: justify;\">Descripci\u00f3n<\/h3>\n<p style=\"text-align: justify;\">Permite inscribirse en el registro de exportadores de cobre y sus subproductos para acceder a los siguientes tr\u00e1mites:<\/p>\n<ul style=\"text-align: justify;\">\n<li><a href=\"https:\/\/www.chileatiende.gob.cl\/fichas\/658-registro-de-contratos-de-exportacion-de-cobre-y-sus-subproductos-en-el-sistema-de-exportaciones-mineras-sem-2.0\"><span lang=\"ES-CL\">Registro de contratos de exportaci\u00f3n de cobre y sus subproductos<\/span><\/a>.\u00a0<\/li>\n<li><a href=\"https:\/\/www.chileatiende.gob.cl\/fichas\/46082-revision-de-los-informes-de-variacion-del-valor-ivv-de-las-exportaciones-del-cobre-y-sus-subproductos\"><span lang=\"ES-CL\">Revisi\u00f3n de Informes de Variaci\u00f3n del Valor (IVV)<\/span><\/a>.<\/li>\n<\/ul>\n<p style=\"text-align: justify;\">El tr\u00e1mite se puede realizar durante todo el a\u00f1o.<\/p>\n<h3 style=\"text-align: justify;\">\u00bfA qui\u00e9n va dirigido?<\/h3>\n<ul style=\"text-align: justify;\">\n<li>\n<div>Exportadores de cobre y sus subproductos que est\u00e9n sujetos a la fiscalizaci\u00f3n de la Comisi\u00f3n Chilena del Cobre (Cochilco).\u200b<\/div>\n<\/li>\n<\/ul>\n<h3 style=\"text-align: justify;\">Detalles<\/h3>\n<div style=\"text-align: justify;\">\n<p>C\u00f3digos arancelarios vigentes para el registro de contratos y gesti\u00f3n de los Informes de Variaci\u00f3n del Valor (IVV) en el Sistema de Exportaciones Mineras (SEM 2.0):<\/p>\n<p><strong>C\u00f3digo\u00a0 \u00a0 \u00a0 <\/strong>\u00a0Nombre<\/p>\n<p><strong>2603.0000<\/strong>: Concentrado de Cobre<\/p>\n<p><strong>2613.1010<\/strong>: Concentrado de Molibdeno Tostado<\/p>\n<p><strong>2613.1090<\/strong>: Molibdeno Tostado<\/p>\n<p><strong>2613.9010<\/strong>: Concentrado de Molibdeno Sin Tostar<\/p>\n<p><strong>2613.9090<\/strong>: Molibdeno Sin Tostar<\/p>\n<p><strong>2616.9010<\/strong>: Concentrado de Oro<\/p>\n<p><strong>2616.9090<\/strong>: Concentrado de Pd y Pt<\/p>\n<p><strong>2620.3000<\/strong>: Escoria Principalmente de Cu<\/p>\n<p><strong>2620.9100<\/strong>: Escoria Principalmente de Sb, Be, Cd o Cr<\/p>\n<p><strong>2620.9910<\/strong>: Escoria Principalmente de Au<\/p>\n<p><strong>2620.9920<\/strong>: Escoria Principalmente de Ag<\/p>\n<p><strong>2620.9930<\/strong>: Barros An\u00f3dicos<\/p>\n<p><strong>2620.9990<\/strong>: Escoria Principalmente de Pt Pd<\/p>\n<p><strong>2804.5000<\/strong>: Boro; Telurio<\/p>\n<p><strong>2804.9000<\/strong>: Selenio<\/p>\n<p><strong>2807.0000<\/strong>: \u00c1cido Sulf\u00farico<\/p>\n<p><strong>2825.7010<\/strong>: Tri\u00f3xido de Molibdeno<\/p>\n<p><strong>2841.7010<\/strong>: Molibdatos de Amonio<\/p>\n<p><strong>2841.9010<\/strong>: Perrenato de Amonio<\/p>\n<p><strong>7106.9111<\/strong>: Lingotes de Plata<\/p>\n<p><strong>7106.9119<\/strong>: Plata Sin Alear<\/p>\n<p><strong>7106.9120<\/strong>: Metal Dor\u00e9 &lt; 2% Au<\/p>\n<p><strong>7108.1211<\/strong>: Lingotes de Oro<\/p>\n<p><strong>7108.1219<\/strong>: Oro en Bruto Minero<\/p>\n<p><strong>7108.1310<\/strong>: Oro &#8211; Las Dem\u00e1s Semilabrado &#8211; Minero<\/p>\n<p><strong>7112.9900<\/strong>: Resto Metal Precioso<\/p>\n<p><strong>7202.7000<\/strong>: Ferromolibdeno<\/p>\n<p><strong>7401.0000<\/strong>: Matas de Cu<\/p>\n<p><strong>7402.0011<\/strong>: Bl\u00edster<\/p>\n<p><strong>7402.0012<\/strong>: \u00c1nodos &lt; 10 mm<\/p>\n<p><strong>7402.0013<\/strong>: \u00c1nodos &gt;= 35mm<\/p>\n<p><strong>7402.0019<\/strong>: Cobre Sin Refinar<\/p>\n<p><strong>7402.0090<\/strong>: Otros Cu para Refino<\/p>\n<p><strong>7403.1100<\/strong>: C\u00e1todos<\/p>\n<p><strong>7403.1200<\/strong>: Barra para Alambr\u00f3n<\/p>\n<p><strong>7403.1300<\/strong>: Tochos<\/p>\n<p><strong>7403.1900<\/strong>: RAF Otros Cu Refinado<\/p>\n<p><strong>7404.0019<\/strong>: Restos Cu &gt;= 94% Peso<\/p>\n<p><strong>7404.0021<\/strong>: Restos Cu Cinc-Lat\u00f3n<\/p>\n<p><strong>7404.0029<\/strong>: Otras Aleaciones Cu<\/p>\n<p><strong>7404.0090<\/strong>: Otros Desperdicios Cu<\/p>\n<p><strong>7406.1000<\/strong>: Polvo de Estructura No Laminar<\/p>\n<p><strong>7406.2000<\/strong>: Polvo de Estructura Laminar<\/p>\n<p><strong>7407.1090<\/strong>: Barras y Perfiles de Cobre<\/p>\n<p><strong>7410.1100<\/strong>: L\u00e1minas de Cobre<\/p>\n<p><strong>8112.4100<\/strong>: Renio Met\u00e1lico en Polvo<\/p>\n<p><strong>8112.4900<\/strong>: Renio Met\u00e1lico en Briquetas<\/p>\n<\/div>\n<div style=\"text-align: justify;\">\u00a0<\/div>\n<div style=\"text-align: justify;\">\u200bImportante: para m\u00e1s detalles sobre la inscripci\u00f3n en el registro de exportadores de Cochilco y pasos para la inscripci\u00f3n, consulte el Manual de Usuario SEM 2.0 en la secci\u00f3n \u201cPrimeros Pasos\u201d.<\/div>\n<div>\u00a0<\/div>\n<h3 style=\"text-align: justify;\">\u00bfQu\u00e9 necesito para hacer el tr\u00e1mite?<\/h3>\n<div>\u00a0<\/div>\n<div style=\"text-align: justify;\">Para personas naturales:<\/div>\n<div style=\"text-align: justify;\">\u00a0<\/div>\n<div style=\"text-align: justify;\">\n<ul>\n<li>C\u00e9dula de identidad vigente.<\/li>\n<li>Formulario de iniciaci\u00f3n de actividades del Servicio de Impuestos Internos (SII).<\/li>\n<li>Otros antecedentes que el exportador desee agregar.<\/li>\n<\/ul>\n<p>Para personas jur\u00eddicas:<\/p>\n<\/div>\n<ul>\n<li style=\"text-align: justify;\">Constituci\u00f3n social\/modificaciones.<\/li>\n<li style=\"text-align: justify;\">Malla societaria.<\/li>\n<li style=\"text-align: justify;\">Poderes vigentes.<\/li>\n<li style=\"text-align: justify;\">Rol \u00danico Tributario (RUT).<\/li>\n<li style=\"text-align: justify;\">Otros antecedentes que el exportador desee agregar.<\/li>\n<\/ul>\n<div style=\"text-align: justify;\">Importante: los documentos se deben adjuntar en formato PDF.\u200b<\/div>\n<div>\u00a0<\/div>\n<h3 style=\"text-align: justify;\">\u00bfCu\u00e1l es el costo del tr\u00e1mite?<\/h3>\n<p style=\"text-align: justify;\">No tiene costo.<\/p>\n<h3 style=\"text-align: justify;\">\u00bfC\u00f3mo y d\u00f3nde hago el tr\u00e1mite?<\/h3>\n<p style=\"text-align: justify;\"><span lang=\"ES-CL\"><strong>En l\u00ednea<\/strong><\/span><\/p>\n<ol style=\"text-align: justify;\">\n<li>Re\u00fana los antecedentes.\u200b<\/li>\n<li>Haga clic en\u00a0<strong>ir al tr\u00e1mite<\/strong>.<\/li>\n<li>Haga clic en\u00a0<strong>registrar como exportador<\/strong>.<\/li>\n<li>Complete la informaci\u00f3n, adjunte los documentos requeridos, acepte los t\u00e9rminos y condiciones, y haga clic en\u00a0<strong>aceptar<\/strong>.<\/li>\n<li>Como resultado del tr\u00e1mite, habr\u00e1 solicitado la inscripci\u00f3n en el registro de exportadores de la Comisi\u00f3n Chilena del Cobre (COCHILCO), cuya respuesta (aprobaci\u00f3n o rechazo) se entregar\u00e1 por correo electr\u00f3nico, en un plazo de cinco d\u00edas h\u00e1biles.<\/li>\n<\/ol>\n<p style=\"text-align: justify;\">Importante: si requiere m\u00e1s informaci\u00f3n, escriba a\u00a0<a href=\"mailto:correo.sem@cochilco.cl\">correo.sem@cochilco.cl<\/a>.<\/p>\n<h3 style=\"text-align: justify;\">Marco Legal<\/h3>\n<ul style=\"text-align: justify;\">\n<li><a href=\"https:\/\/www.leychile.cl\/Navegar?idNorma=3428\"><span lang=\"ES-CL\">Ley org\u00e1nica D.L. N\u00b01.349\/76, art\u00edculo 2\u00b0, letra k)<\/span><\/a>.<\/li>\n<li><a href=\"https:\/\/www.leychile.cl\/Navegar?idNorma=39337\"><span lang=\"ES-CL\">Resoluci\u00f3n N\u00b0827\/1993 del Ministerio de Relaciones Exteriores<\/span><\/a>.<\/li>\n<\/ul>\n<a href=\"https:\/\/sem2.cochilco.cl\/#\/login\" target=\"_blank\" class=\"button primary\" rel=\"noopener\" >\n\t\t<span>IR AL TR\u00c1MITE<\/span>\n\t<\/a>\n\n<a href=\"https:\/\/app.cochilco.cl\/web\/tramites-disponibles\/\" class=\"button alert\" >\n\t\t<span>VOLVER AL LISTADO DE TR\u00c1MITES<\/span>\n\t<\/a>\n\n","protected":false},"excerpt":{"rendered":"<p>Inscripci\u00f3n en el registro de exportadores de la Comisi\u00f3n Chilena del Cobre Descripci\u00f3n Permite inscribirse en el registro de exportadores de cobre y sus subproductos para acceder a los siguientes tr\u00e1mites: Registro de contratos de exportaci\u00f3n de cobre y sus subproductos.\u00a0 Revisi\u00f3n de Informes de Variaci\u00f3n del Valor (IVV). El tr\u00e1mite se puede realizar durante[&#8230;]\n","protected":false},"author":1,"featured_media":0,"parent":0,"menu_order":0,"comment_status":"closed","ping_status":"closed","template":"","meta":{"footnotes":""},"class_list":["post-8448","page","type-page","status-publish","hentry"],"_links":{"self":[{"href":"https:\/\/www.cochilco.cl\/web\/wp-json\/wp\/v2\/pages\/8448","targetHints":{"allow":["GET"]}}],"collection":[{"href":"https:\/\/www.cochilco.cl\/web\/wp-json\/wp\/v2\/pages"}],"about":[{"href":"https:\/\/www.cochilco.cl\/web\/wp-json\/wp\/v2\/types\/page"}],"author":[{"embeddable":true,"href":"https:\/\/www.cochilco.cl\/web\/wp-json\/wp\/v2\/users\/1"}],"replies":[{"embeddable":true,"href":"https:\/\/www.cochilco.cl\/web\/wp-json\/wp\/v2\/comments?post=8448"}],"version-history":[{"count":11,"href":"https:\/\/www.cochilco.cl\/web\/wp-json\/wp\/v2\/pages\/8448\/revisions"}],"predecessor-version":[{"id":13692,"href":"https:\/\/www.cochilco.cl\/web\/wp-json\/wp\/v2\/pages\/8448\/revisions\/13692"}],"wp:attachment":[{"href":"https:\/\/www.cochilco.cl\/web\/wp-json\/wp\/v2\/media?parent=8448"}],"curies":[{"name":"wp","href":"https:\/\/api.w.org\/{rel}","templated":true}]}}