{"id":9715,"date":"2024-02-29T10:31:53","date_gmt":"2024-02-29T13:31:53","guid":{"rendered":"https:\/\/app.cochilco.cl\/web\/?page_id=9715"},"modified":"2025-06-23T15:48:17","modified_gmt":"2025-06-23T18:48:17","slug":"consejo-de-la-sociedad-civil-de-la-comision-chilena-del-cobre","status":"publish","type":"page","link":"https:\/\/www.cochilco.cl\/web\/consejo-de-la-sociedad-civil-de-la-comision-chilena-del-cobre\/","title":{"rendered":"Consejo de la Sociedad Civil de la Comisi\u00f3n Chilena del Cobre"},"content":{"rendered":"<div class=\"row\"  id=\"row-287627355\">\n\n\t<div id=\"col-310947228\" class=\"col medium-3 small-12 large-3 col-divided\"  >\n\t\t\t\t<div class=\"col-inner\"  >\n\t\t\t\n\t\t\t\n\n<div id='iksm-10504' class='iksm iksm-10504 iksm-container '  data-id='10504' data-is-pro='1' data-source='menu'><div class='iksm-terms'><div class='iksm-terms-tree iksm-terms-tree--level-1 iksm-terms-tree--parents' style=''><div class=\"iksm-terms-tree__inner\">\n        <div class=\"iksm-term iksm-term--id-10592 iksm-term--parent\" data-id=\"10592\">\n            <div class=\"iksm-term__inner\" tabindex='0'>\n                <a class=\"iksm-term__link\" href='https:\/\/www.cochilco.cl\/web\/consejo-de-la-sociedad-civil-de-la-comision-chilena-del-cobre\/' target='_self' tabindex='-1'>\n\t\t\t\t        <span class=\"iksm-term__text\">Consejo de la Sociedad Civil<\/span>\n\t\t            <\/a>\n\t\t\t        <\/div>\n\t\t        <\/div>\n\n\t\t\n        <div class=\"iksm-term iksm-term--id-10539 iksm-term--parent\" data-id=\"10539\">\n            <div class=\"iksm-term__inner\" tabindex='0'>\n                <a class=\"iksm-term__link\" href='https:\/\/www.cochilco.cl\/web\/norma\/' target='_self' tabindex='-1'>\n\t\t\t\t        <span class=\"iksm-term__text\">Norma<\/span>\n\t\t            <\/a>\n\t\t\t        <\/div>\n\t\t        <\/div>\n\n\t\t\n        <div class=\"iksm-term iksm-term--id-10538 iksm-term--parent\" data-id=\"10538\">\n            <div class=\"iksm-term__inner\" tabindex='0'>\n                <a class=\"iksm-term__link\" href='https:\/\/www.cochilco.cl\/web\/reglamento\/' target='_self' tabindex='-1'>\n\t\t\t\t        <span class=\"iksm-term__text\">Reglamento<\/span>\n\t\t            <\/a>\n\t\t\t        <\/div>\n\t\t        <\/div>\n\n\t\t\n        <div class=\"iksm-term iksm-term--id-10537 iksm-term--parent\" data-id=\"10537\">\n            <div class=\"iksm-term__inner\" tabindex='0'>\n                <a class=\"iksm-term__link\" href='https:\/\/www.cochilco.cl\/web\/actas\/' target='_self' tabindex='-1'>\n\t\t\t\t        <span class=\"iksm-term__text\">Actas<\/span>\n\t\t            <\/a>\n\t\t\t        <\/div>\n\t\t        <\/div>\n\n\t\t<\/div><\/div><\/div><div id=\"iksm_data_args\" class=\"data-args\"  data-collapse_children_terms='' data-collapse_other_terms='' data-collapse_animation_duration='400' data-expand_animation_duration='400' data-toggle_by_item_click=''><\/div><\/div><script id=\"styles-copier-69e74cdfcc6ca\">\n\t\t\t\/\/ Finding styles element\n\t        var element = document.getElementById(\"iksm-dynamic-style\");\n\t        if (!element) { \/\/ If no element (Cache plugins can remove tag), then creating a new one\n                element = document.createElement('style');\n                var head = document.getElementsByTagName(\"head\")\n                if (head && head[0]) {\n                \thead[0].appendChild(element);\n                } else {\n                  \tconsole.warn(\"Iks Menu | Error while printing styles. Please contact technical support.\");\n                }\n\t        }\n\t\t\t\/\/ Copying styles to <styles> tag\n\t        element.innerHTML += \".iksm-10504 .iksm-terms{transition:all 400ms;animation:iks-fade-in 1000ms;}.iksm-10504 .iksm-terms-tree--children > .iksm-terms-tree__inner{animation:iks-zoom-in 400ms;}.iksm-10504 .iksm-term__inner{background-color:rgba(255,255,255,1);min-height:44px;transition:all 400ms;}.iksm-10504 .iksm-term__inner:hover{background-color:rgba(236,236,236,1);}.iksm-10504 .iksm-term--current > .iksm-term__inner{background-color:rgba(212,212,212,1);}.iksm-10504 .iksm-term__link{color:rgba(0,0,0,1);font-size:15px;line-height:15px;font-weight:400;text-decoration:none;padding-top:5px;padding-right:15px;padding-bottom:5px;padding-left:15px;transition:all 400ms;}.iksm-10504 .iksm-term__inner:hover .iksm-term__link{color:rgba(50,50,50,1);}.iksm-10504 .iksm-term__toggle__inner{transition:transform 400ms}.iksm-10504 .iksm-term--expanded > .iksm-term__inner > .iksm-term__toggle > .iksm-term__toggle__inner{transform:rotate(180deg);}.iksm-10504 .iksm-term__toggle{color:rgba(133,133,133,1);font-size:22px;align-self:stretch;height:unset;;width:40px;transition:all 400ms;}.iksm-10504 .iksm-term__toggle:hover{color:rgba(0,0,0,1);}.iksm-10504 .iksm-term__image-container{width:30px;min-width:30px;height:30px;min-height:30px;margin-right:15px;transition:all 400ms;}.iksm-10504 .iksm-term__image{background-size:contain;background-position:center;background-repeat:no-repeat;}.iksm-10504 .iksm-term__image-container:hover{background-size:contain;background-position:center;background-repeat:no-repeat;}.iksm-10504 .iksm-term__inner:hover .iksm-term__image-container{background-size:contain;background-position:center;background-repeat:no-repeat;}.iksm-10504 .iksm-term__inner:focus .iksm-term__image-container{background-size:contain;background-position:center;background-repeat:no-repeat;}.iksm-10504 .iksm-term--current > .iksm-term__inner .iksm-term__image-container{background-size:contain;background-position:center;background-repeat:no-repeat;}.iksm-10504 .iksm-term--child .iksm-term__inner .iksm-term__image-container{background-size:contain;background-position:center;background-repeat:no-repeat;}.iksm-10504 .iksm-term--child .iksm-term__inner .iksm-term__image-container:hover{background-size:contain;background-position:center;background-repeat:no-repeat;}.iksm-10504 .iksm-term--child .iksm-term__inner .iksm-term__image-container:focus{background-size:contain;background-position:center;background-repeat:no-repeat;}.iksm-10504 .iksm-term--child.iksm-term--current > .iksm-term__inner .iksm-term__image-container{background-size:contain;background-position:center;background-repeat:no-repeat;}.iksm-10504  .iksm-term__text{flex: unset}.iksm-10504 .iksm-term__posts-count{color:rgba(133,133,133,1);font-size:16px;margin-left:10px;font-weight:400;transition:all 400ms;}.iksm-10504 .iksm-term--collapsing > .iksm-terms-tree--children > .iksm-terms-tree__inner{animation:iks-zoom-out 400ms;}\";\n\t        \/\/ Removing this script\n            var this_script = document.getElementById(\"styles-copier-69e74cdfcc6ca\");\n            if (this_script) { \/\/ Cache plugins can remove tag\n\t            this_script.outerHTML = \"\";\n\t            if (this_script.parentNode) {\n\t                this_script.parentNode.removeChild(this_script);\n\t            }\n            }\n        <\/script>\n\n\t\t<\/div>\n\t\t\t\t\t<\/div>\n\n\t\n\n\t<div id=\"col-1725551451\" class=\"col medium-9 small-12 large-9 col-divided\"  >\n\t\t\t\t<div class=\"col-inner\"  >\n\t\t\t\n\t\t\t\n<div class=\"container section-title-container\" ><h3 class=\"section-title section-title-normal\"><b aria-hidden=\"true\"><\/b><span class=\"section-title-main\" >CONSEJO DE LA SOCIEDAD CIVIL<\/span><b aria-hidden=\"true\"><\/b><\/h3><\/div>\n<p style=\"text-align: justify;\"><strong class=\"ms-rteFontSize-4\" style=\"font-size: 14.4px; text-align: justify;\"><strong><img loading=\"lazy\" decoding=\"async\" class=\"wp-image-8873 alignnone\" src=\"https:\/\/app.cochilco.cl\/web\/wp-content\/uploads\/2024\/02\/Diapositiva8.png\" alt=\"\" width=\"269\" height=\"91\" \/><\/strong><\/strong><\/p>\n<p style=\"text-align: justify;\"><strong>Concluy\u00f3 el proceso de conformaci\u00f3n del nuevo Consejo de la Sociedad Civil de Cochilco.<\/strong><\/p>\n<p style=\"text-align: justify;\"><strong>En esta Acta puedes revisar qu\u00e9 organizaciones son parte de esta instancia de participaci\u00f3n ciudadana.<\/strong><\/p>\n\n<p><iframe loading=\"lazy\" class=\"pdf\" src=\"\/web\/wp-content\/uploads\/2025\/06\/Acta-Eleccion-COSOC-de-COCHILCO-2025.pdf\" width=\"800\" height=\"500\"><\/iframe><br \/>\n\n<p style=\"text-align: justify;\"><strong>Calendario<\/strong><\/p>\n<p style=\"text-align: justify;\">Inscripci\u00f3n de organizaciones:<\/p>\n<p style=\"text-align: justify;\"><strong>09 al 30 de mayo de 2025:<\/strong> Las organizaciones sin fines de lucro ingresan datos en formulario de inscripci\u00f3n y env\u00edan los documentos requeridos (certificado de vigencia de personalidad jur\u00eddica, estatutos de la asociaci\u00f3n sin fines de lucro y documento que acredite la fecha de creaci\u00f3n de la organizaci\u00f3n) al mail <a href=\"mailto:cochilco@cochilco.cl\">cochilco@cochilco.cl<\/a><\/p>\n<p style=\"text-align: justify;\"><strong>03 de junio de 2025:<\/strong> Publicaci\u00f3n en el sitio web del listado final de organizaciones acreditadas para presentar candidatos y candidatas.<\/p>\n<p style=\"text-align: justify;\"><strong>04 al 06 de junio de 2025<\/strong>: Inscripci\u00f3n de candidatos si la organizaci\u00f3n est\u00e1 validada.<\/p>\n<p style=\"text-align: justify;\"><strong>10 de junio de 2025<\/strong>: Publicaci\u00f3n en el sitio web del listado final de candidatos.<\/p>\n<p style=\"text-align: justify;\"><strong>11 al 13 de junio de 2025<\/strong>: Votaci\u00f3n electr\u00f3nica.<\/p>\n<p style=\"text-align: justify;\"><strong>17 de junio de 2025<\/strong>: Publicaci\u00f3n de resultados en sitio web.\u200b<\/p>\n<div class=\"accordion\">\n\t<div id=\"accordion-448692736\" class=\"accordion-item\">\n\t\t<a id=\"accordion-448692736-label\" class=\"accordion-title plain\" href=\"#accordion-item-\u00bfqu\u00e9-hay-que-hacer-para-postular-como-candidato?\" aria-expanded=\"false\" aria-controls=\"accordion-448692736-content\">\n\t\t\t<button class=\"toggle\" aria-label=\"Toggle\"><i class=\"icon-angle-down\" aria-hidden=\"true\"><\/i><\/button>\n\t\t\t<span>\u00bfQu\u00e9 hay que hacer para postular como candidato?<\/span>\n\t\t<\/a>\n\t\t<div id=\"accordion-448692736-content\" class=\"accordion-inner\" aria-labelledby=\"accordion-448692736-label\">\n\t\t\t\n<p style=\"text-align: justify;\">Las organizaciones que figuren en el listado publicado por Cochilco en su sitio web ser\u00e1n las acreditadas para inscribir su candidato en un plazo m\u00e1ximo de <strong>cinco d\u00edas h\u00e1biles<\/strong> desde la fecha de la publicaci\u00f3n.<\/p>\n<p style=\"text-align: justify;\">La inscripci\u00f3n de las candidaturas se realizar\u00e1 v\u00eda web a trav\u00e9s de un formulario, se\u00f1alando los siguientes datos: nombre de la organizaci\u00f3n, categor\u00eda de la organizaci\u00f3n, nombre del postulante, Rut, cargo del postulante, tel\u00e9fono de la organizaci\u00f3n, correo electr\u00f3nico de la orgamizaci\u00f3n. Cada organizaci\u00f3n incluida en el padr\u00f3n electoral, solo podr\u00e1 presentar un\/a candidato\/a.<\/p>\n<p style=\"text-align: justify;\">Es deseable que se considere en la postulaci\u00f3n a un representante del g\u00e9nero femenino con el objetivo de avanzar hacia la equidad de g\u00e9nero en el Consejo.<\/p>\n<p style=\"text-align: justify;\">En el caso que la organizaci\u00f3n sea seleccionada para ser parte del Cosoc deber\u00e1 considerar un representante titular y un suplente de g\u00e9neros distintos.<\/p>\n\t\t<\/div>\n\t<\/div>\n\t\n\t<div id=\"accordion-2469870582\" class=\"accordion-item\">\n\t\t<a id=\"accordion-2469870582-label\" class=\"accordion-title plain\" href=\"#accordion-item-\u00bfqu\u00edenes-no-pueden-ser-candidatos\/as?\" aria-expanded=\"false\" aria-controls=\"accordion-2469870582-content\">\n\t\t\t<button class=\"toggle\" aria-label=\"Toggle\"><i class=\"icon-angle-down\" aria-hidden=\"true\"><\/i><\/button>\n\t\t\t<span>\u00bfQu\u00edenes NO pueden ser candidatos\/as?<\/span>\n\t\t<\/a>\n\t\t<div id=\"accordion-2469870582-content\" class=\"accordion-inner\" aria-labelledby=\"accordion-2469870582-label\">\n\t\t\t\n<p style=\"text-align: justify;\">No podr\u00e1n ser consejeros\/as todas las personas a quienes afecte alguna de estas condiciones que a continuaci\u00f3n se se\u00f1alan:<\/p>\n<ul>\n<li style=\"text-align: justify;\">Ser menor de 18 a\u00f1os.<\/li>\n<li style=\"text-align: justify;\">Ser funcionarios o prestar servicios para Cochilco.<\/li>\n<li style=\"text-align: justify;\">Tener la calidad de autoridad de Gobierno.<\/li>\n<li style=\"text-align: justify;\">Ostentar un cargo de elecci\u00f3n popular.\u200b<\/li>\n<li style=\"text-align: justify;\">Haber sido condenado o hallarse procesado por crimen o simple delito que merezca pena aflictiva. Esta inhabilidad s\u00f3lo durar\u00e1 el tiempo requerido para la prescripci\u00f3n de la pena, se\u00f1alado en el art\u00edculo 105 del C\u00f3digo Penal. El plazo de prescripci\u00f3n empezar\u00e1 a correr desde la fecha de la comisi\u00f3n del delito.\u200b<\/li>\n<\/ul>\n\t\t<\/div>\n\t<\/div>\n\t\n\t<div id=\"accordion-4156000952\" class=\"accordion-item\">\n\t\t<a id=\"accordion-4156000952-label\" class=\"accordion-title plain\" href=\"#accordion-item-votaci\u00f3n\" aria-expanded=\"false\" aria-controls=\"accordion-4156000952-content\">\n\t\t\t<button class=\"toggle\" aria-label=\"Toggle\"><i class=\"icon-angle-down\" aria-hidden=\"true\"><\/i><\/button>\n\t\t\t<span>Votaci\u00f3n<\/span>\n\t\t<\/a>\n\t\t<div id=\"accordion-4156000952-content\" class=\"accordion-inner\" aria-labelledby=\"accordion-4156000952-label\">\n\t\t\t\n<article>\n<div class=\"block\">\n<p style=\"text-align: justify;\">Cada organizaci\u00f3n tendr\u00e1 derecho a dos votos, no\u00a0 acumulables, en la categor\u00eda de organizaciones sin fines de lucro que se inscriba.\u200b<\/p>\n<\/div>\n<\/article>\n<article><\/article>\n\t\t<\/div>\n\t<\/div>\n\t\n\t<div id=\"accordion-1196451187\" class=\"accordion-item\">\n\t\t<a id=\"accordion-1196451187-label\" class=\"accordion-title plain\" href=\"#accordion-item-\u00bfqui\u00e9nes-resultan-electos?\" aria-expanded=\"false\" aria-controls=\"accordion-1196451187-content\">\n\t\t\t<button class=\"toggle\" aria-label=\"Toggle\"><i class=\"icon-angle-down\" aria-hidden=\"true\"><\/i><\/button>\n\t\t\t<span>\u00bfQui\u00e9nes resultan electos?<\/span>\n\t\t<\/a>\n\t\t<div id=\"accordion-1196451187-content\" class=\"accordion-inner\" aria-labelledby=\"accordion-1196451187-label\">\n\t\t\t\n<ol>\n<li style=\"text-align: justify;\">Las cinco primeras mayor\u00edas en la categor\u00eda gremios.<\/li>\n<li style=\"text-align: justify;\">Las dos primeras mayor\u00edas en la categor\u00eda Organizaci\u00f3n de Inter\u00e9s P\u00fablico.<\/li>\n<li style=\"text-align: justify;\">Las tres primeras mayor\u00edas en categor\u00eda sindicatos de trabajadores mineros.<\/li>\n<li style=\"text-align: justify;\">Las cuartro primeras mayor\u00edas en la categor\u00eda universidades,<\/li>\n<li style=\"text-align: justify;\">La primera mayor\u00eda en la categor\u00eda Centro de Formaci\u00f3n T\u00e9cnica.<\/li>\n<li style=\"text-align: justify;\">La primera mayor\u00eda en la categor\u00eda Organizaci\u00f3n de inter\u00e9s p\u00fablico, liderada por mujeres y relacionada con la miner\u00eda<\/li>\n<li style=\"text-align: justify;\">La primera mayor\u00eda en la categor\u00eda de Pueblos Originarios que est\u00e9 vinculado con la miner\u00eda o cuyas ancestralidades tengan territorialidad en una regi\u00f3n minera.<\/li>\n<\/ol>\n\t\t<\/div>\n\t<\/div>\n\t\n\t<div id=\"accordion-375489574\" class=\"accordion-item\">\n\t\t<a id=\"accordion-375489574-label\" class=\"accordion-title plain\" href=\"#accordion-item-calendario\" aria-expanded=\"false\" aria-controls=\"accordion-375489574-content\">\n\t\t\t<button class=\"toggle\" aria-label=\"Toggle\"><i class=\"icon-angle-down\" aria-hidden=\"true\"><\/i><\/button>\n\t\t\t<span>Calendario<\/span>\n\t\t<\/a>\n\t\t<div id=\"accordion-375489574-content\" class=\"accordion-inner\" aria-labelledby=\"accordion-375489574-label\">\n\t\t\t\n<ul>\n<li style=\"text-align: justify;\"><strong>09 al 16 de\u00a0 mayo de 2025:<\/strong> Las organizaciones sin fines de lucro ingresan datos en formulario de inscripci\u00f3n y env\u00edan los documentos requeridos (certificado de vigencia de personalidad jur\u00eddica, estatutos de la asociaci\u00f3n sin fines de lucro y documento que acredite la fecha de creaci\u00f3n de la organizaci\u00f3n) al mail <a href=\"mailto:cochilco@cochilco.cl\">cochilco@cochilco.cl<\/a><\/li>\n<li style=\"text-align: justify;\"><strong>20 de mayo de 2025:<\/strong> Publicaci\u00f3n en el sitio web del listado final de organizaciones acreditadas para presentar candidatos y candidatas.<\/li>\n<li style=\"text-align: justify;\"><strong>22 al 28 de mayo de 2025:<\/strong> Inscripci\u00f3n de candidatos si la organizaci\u00f3n est\u00e1 validada.<\/li>\n<li style=\"text-align: justify;\"><strong>02 de junio de 2025:<\/strong> Publicaci\u00f3n en el sitio web del listado final de candidatos.<\/li>\n<li style=\"text-align: justify;\"><strong>03 al 04 de junio de 2025:<\/strong> Votaci\u00f3n electr\u00f3nica.<\/li>\n<li style=\"text-align: justify;\"><strong>09 de junio de 2025:<\/strong> Publicaci\u00f3n de resultados en sitio web.<\/li>\n<\/ul>\n\t\t<\/div>\n\t<\/div>\n\t\n<\/div>\n\t\t<\/div>\n\t\t\t\t\t<\/div>\n\n\t\n<\/div>\n","protected":false},"excerpt":{"rendered":"","protected":false},"author":1,"featured_media":0,"parent":0,"menu_order":0,"comment_status":"closed","ping_status":"closed","template":"","meta":{"footnotes":""},"class_list":["post-9715","page","type-page","status-publish","hentry"],"_links":{"self":[{"href":"https:\/\/www.cochilco.cl\/web\/wp-json\/wp\/v2\/pages\/9715","targetHints":{"allow":["GET"]}}],"collection":[{"href":"https:\/\/www.cochilco.cl\/web\/wp-json\/wp\/v2\/pages"}],"about":[{"href":"https:\/\/www.cochilco.cl\/web\/wp-json\/wp\/v2\/types\/page"}],"author":[{"embeddable":true,"href":"https:\/\/www.cochilco.cl\/web\/wp-json\/wp\/v2\/users\/1"}],"replies":[{"embeddable":true,"href":"https:\/\/www.cochilco.cl\/web\/wp-json\/wp\/v2\/comments?post=9715"}],"version-history":[{"count":38,"href":"https:\/\/www.cochilco.cl\/web\/wp-json\/wp\/v2\/pages\/9715\/revisions"}],"predecessor-version":[{"id":13676,"href":"https:\/\/www.cochilco.cl\/web\/wp-json\/wp\/v2\/pages\/9715\/revisions\/13676"}],"wp:attachment":[{"href":"https:\/\/www.cochilco.cl\/web\/wp-json\/wp\/v2\/media?parent=9715"}],"curies":[{"name":"wp","href":"https:\/\/api.w.org\/{rel}","templated":true}]}}